{"id":3208,"date":"2021-11-08T21:20:30","date_gmt":"2021-11-09T00:20:30","guid":{"rendered":"https:\/\/marketingdat.com\/tienda\/?page_id=3208"},"modified":"2023-12-20T18:08:27","modified_gmt":"2023-12-20T21:08:27","slug":"quienes-somos","status":"publish","type":"page","link":"https:\/\/riaequipamientos.com.uy\/nueva\/quienes-somos\/","title":{"rendered":"Quienes somos"},"content":{"rendered":"\t\t<div data-elementor-type=\"wp-page\" data-elementor-id=\"3208\" class=\"elementor elementor-3208\" data-elementor-post-type=\"page\">\n\t\t\t\t\t\t<section class=\"elementor-section elementor-top-section elementor-element elementor-element-373e79e elementor-section-boxed elementor-section-height-default elementor-section-height-default\" data-id=\"373e79e\" data-element_type=\"section\">\r\n\t\t\r\n\t\t\t\t\t\t\t<div class=\"elementor-container elementor-column-gap-default\">\r\n\t\t\t\t\t\t\t\t\t\t\t<div class=\"elementor-column elementor-col-50 elementor-top-column elementor-element elementor-element-b3255c6\" data-id=\"b3255c6\" data-element_type=\"column\">\r\n\t\t\t\t\t<div class=\"elementor-widget-wrap elementor-element-populated\">\r\n\t\t\t\t\t\t\t\t<div class=\"elementor-element elementor-element-8cc0cef elementor-widget elementor-widget-heading\" data-id=\"8cc0cef\" data-element_type=\"widget\" data-widget_type=\"heading.default\">\n\t\t\t\t\t<h2 class=\"elementor-heading-title elementor-size-default\">Ria Equipamientos<\/h2>\t\t\t\t<\/div>\n\t\t\t\t<div class=\"elementor-element elementor-element-66323de elementor-widget elementor-widget-text-editor\" data-id=\"66323de\" data-element_type=\"widget\" data-widget_type=\"text-editor.default\">\n\t\t\t\t\t\t\t\t\t<p><strong>Somos una tradicional muebler\u00eda de Montevideo, con m\u00e1s de 40 a\u00f1os en el mercado<\/strong>. Tenemos un amplio reconocimiento de nuestros clientes por la calidad, dise\u00f1o y terminaci\u00f3n de nuestros art\u00edculos as\u00ed como por el servicio que brindamos. Disponemos de muebles para el hogar y la oficina, cl\u00e1sicos y modernos, colchones y sommiers de primera calidad, electrodom\u00e9sticos y art\u00edculos infantiles en general.<\/p><h3><span style=\"text-decoration: underline;\">Ria Equipamientos, todo lo que usted necesita para su hogar!<\/span><\/h3>\t\t\t\t\t\t\t\t<\/div>\n\t\t\t\t<div class=\"elementor-element elementor-element-40d281d elementor-widget elementor-widget-porto_button\" data-id=\"40d281d\" data-element_type=\"widget\" data-widget_type=\"porto_button.default\">\n\t\t\t\t\t<a aria-label=\"button\" class=\"btn btn-lg btn-primary\" href=\"https:\/\/riaequipamientos.com.uy\/nueva\/tienda\/\"><span >Visitar tienda<\/span><\/a>\t\t\t\t<\/div>\n\t\t\t\t\t<\/div>\r\n\t\t\t\t<\/div>\r\n\t\t\t\t<div class=\"elementor-column elementor-col-50 elementor-top-column elementor-element elementor-element-91111f1\" data-id=\"91111f1\" data-element_type=\"column\">\r\n\t\t\t\t\t<div class=\"elementor-widget-wrap elementor-element-populated\">\r\n\t\t\t\t\t\t\t\t<div class=\"elementor-element elementor-element-5df95de elementor-widget elementor-widget-image\" data-id=\"5df95de\" data-element_type=\"widget\" data-widget_type=\"image.default\">\n\t\t\t\t\t\t\t\t\t\t\t\t\t\t\t<img fetchpriority=\"high\" decoding=\"async\" width=\"1024\" height=\"724\" src=\"https:\/\/riaequipamientos.com.uy\/nueva\/wp-content\/uploads\/2023\/12\/nosotros-1024x724.webp\" class=\"attachment-large size-large wp-image-5522\" alt=\"\" srcset=\"https:\/\/riaequipamientos.com.uy\/nueva\/wp-content\/uploads\/2023\/12\/nosotros-1024x724.webp 1024w, https:\/\/riaequipamientos.com.uy\/nueva\/wp-content\/uploads\/2023\/12\/nosotros-800x566.webp 800w, https:\/\/riaequipamientos.com.uy\/nueva\/wp-content\/uploads\/2023\/12\/nosotros-768x543.webp 768w, https:\/\/riaequipamientos.com.uy\/nueva\/wp-content\/uploads\/2023\/12\/nosotros-640x453.webp 640w, https:\/\/riaequipamientos.com.uy\/nueva\/wp-content\/uploads\/2023\/12\/nosotros-400x283.webp 400w\" sizes=\"(max-width: 1024px) 100vw, 1024px\" \/>\t\t\t\t\t\t\t\t\t\t\t\t\t\t\t<\/div>\n\t\t\t\t\t<\/div>\r\n\t\t\t\t<\/div>\r\n\t\t\t\t\t<\/div>\r\n\t\t\t\t<\/section>\r\n\t\t\t\t<section class=\"elementor-section elementor-top-section elementor-element elementor-element-ae5992d elementor-reverse-mobile elementor-section-boxed elementor-section-height-default elementor-section-height-default\" data-id=\"ae5992d\" data-element_type=\"section\">\r\n\t\t\r\n\t\t\t\t\t\t\t<div class=\"elementor-container elementor-column-gap-default\">\r\n\t\t\t\t\t\t\t\t\t\t\t<div class=\"elementor-column elementor-col-50 elementor-top-column elementor-element elementor-element-d7e961e\" data-id=\"d7e961e\" data-element_type=\"column\">\r\n\t\t\t\t\t<div class=\"elementor-widget-wrap elementor-element-populated\">\r\n\t\t\t\t\t\t\t\t<div class=\"elementor-element elementor-element-9c705df elementor-widget elementor-widget-image\" data-id=\"9c705df\" data-element_type=\"widget\" data-widget_type=\"image.default\">\n\t\t\t\t\t\t\t\t\t\t\t\t\t\t\t<img decoding=\"async\" width=\"1024\" height=\"640\" src=\"https:\/\/riaequipamientos.com.uy\/nueva\/wp-content\/uploads\/2023\/12\/servicios-1024x640.jpg\" class=\"attachment-large size-large wp-image-5524\" alt=\"\" srcset=\"https:\/\/riaequipamientos.com.uy\/nueva\/wp-content\/uploads\/2023\/12\/servicios-1024x640.jpg 1024w, https:\/\/riaequipamientos.com.uy\/nueva\/wp-content\/uploads\/2023\/12\/servicios-800x500.jpg 800w, https:\/\/riaequipamientos.com.uy\/nueva\/wp-content\/uploads\/2023\/12\/servicios-768x480.jpg 768w, https:\/\/riaequipamientos.com.uy\/nueva\/wp-content\/uploads\/2023\/12\/servicios-640x400.jpg 640w, https:\/\/riaequipamientos.com.uy\/nueva\/wp-content\/uploads\/2023\/12\/servicios-400x250.jpg 400w\" sizes=\"(max-width: 1024px) 100vw, 1024px\" \/>\t\t\t\t\t\t\t\t\t\t\t\t\t\t\t<\/div>\n\t\t\t\t\t<\/div>\r\n\t\t\t\t<\/div>\r\n\t\t\t\t<div class=\"elementor-column elementor-col-50 elementor-top-column elementor-element elementor-element-fc8700a\" data-id=\"fc8700a\" data-element_type=\"column\">\r\n\t\t\t\t\t<div class=\"elementor-widget-wrap elementor-element-populated\">\r\n\t\t\t\t\t\t\t\t<div class=\"elementor-element elementor-element-bb50828 elementor-widget elementor-widget-heading\" data-id=\"bb50828\" data-element_type=\"widget\" data-widget_type=\"heading.default\">\n\t\t\t\t\t<h2 class=\"elementor-heading-title elementor-size-default\">Nuestros Servicios<\/h2>\t\t\t\t<\/div>\n\t\t\t\t<div class=\"elementor-element elementor-element-b6558bb elementor-widget elementor-widget-text-editor\" data-id=\"b6558bb\" data-element_type=\"widget\" data-widget_type=\"text-editor.default\">\n\t\t\t\t\t\t\t\t\t<p>Ofrecemos una excelente relaci\u00f3n precio\/calidad y las mejores ofertas con muebles bien hechos y con garant\u00eda, lo que nos permite destacarnos en el mercado.<\/p>\t\t\t\t\t\t\t\t<\/div>\n\t\t\t\t<div class=\"elementor-element elementor-element-1b40f3f elementor-icon-list--layout-traditional elementor-list-item-link-full_width elementor-widget elementor-widget-icon-list\" data-id=\"1b40f3f\" data-element_type=\"widget\" data-widget_type=\"icon-list.default\">\n\t\t\t\t\t\t\t<ul class=\"elementor-icon-list-items\">\n\t\t\t\t\t\t\t<li class=\"elementor-icon-list-item\">\n\t\t\t\t\t\t\t\t\t\t\t<span class=\"elementor-icon-list-icon\">\n\t\t\t\t\t\t\t<svg aria-hidden=\"true\" class=\"e-font-icon-svg e-fas-check\" viewBox=\"0 0 512 512\" xmlns=\"http:\/\/www.w3.org\/2000\/svg\"><path d=\"M173.898 439.404l-166.4-166.4c-9.997-9.997-9.997-26.206 0-36.204l36.203-36.204c9.997-9.998 26.207-9.998 36.204 0L192 312.69 432.095 72.596c9.997-9.997 26.207-9.997 36.204 0l36.203 36.204c9.997 9.997 9.997 26.206 0 36.204l-294.4 294.401c-9.998 9.997-26.207 9.997-36.204-.001z\"><\/path><\/svg>\t\t\t\t\t\t<\/span>\n\t\t\t\t\t\t\t\t\t\t<span class=\"elementor-icon-list-text\">Fabricaci\u00f3n de muebles en madera maciza.<\/span>\n\t\t\t\t\t\t\t\t\t<\/li>\n\t\t\t\t\t\t\t\t<li class=\"elementor-icon-list-item\">\n\t\t\t\t\t\t\t\t\t\t\t<span class=\"elementor-icon-list-icon\">\n\t\t\t\t\t\t\t<svg aria-hidden=\"true\" class=\"e-font-icon-svg e-fas-check\" viewBox=\"0 0 512 512\" xmlns=\"http:\/\/www.w3.org\/2000\/svg\"><path d=\"M173.898 439.404l-166.4-166.4c-9.997-9.997-9.997-26.206 0-36.204l36.203-36.204c9.997-9.998 26.207-9.998 36.204 0L192 312.69 432.095 72.596c9.997-9.997 26.207-9.997 36.204 0l36.203 36.204c9.997 9.997 9.997 26.206 0 36.204l-294.4 294.401c-9.998 9.997-26.207 9.997-36.204-.001z\"><\/path><\/svg>\t\t\t\t\t\t<\/span>\n\t\t\t\t\t\t\t\t\t\t<span class=\"elementor-icon-list-text\">Fabricamos colchones a medida.<\/span>\n\t\t\t\t\t\t\t\t\t<\/li>\n\t\t\t\t\t\t\t\t<li class=\"elementor-icon-list-item\">\n\t\t\t\t\t\t\t\t\t\t\t<span class=\"elementor-icon-list-icon\">\n\t\t\t\t\t\t\t<svg aria-hidden=\"true\" class=\"e-font-icon-svg e-fas-check\" viewBox=\"0 0 512 512\" xmlns=\"http:\/\/www.w3.org\/2000\/svg\"><path d=\"M173.898 439.404l-166.4-166.4c-9.997-9.997-9.997-26.206 0-36.204l36.203-36.204c9.997-9.998 26.207-9.998 36.204 0L192 312.69 432.095 72.596c9.997-9.997 26.207-9.997 36.204 0l36.203 36.204c9.997 9.997 9.997 26.206 0 36.204l-294.4 294.401c-9.998 9.997-26.207 9.997-36.204-.001z\"><\/path><\/svg>\t\t\t\t\t\t<\/span>\n\t\t\t\t\t\t\t\t\t\t<span class=\"elementor-icon-list-text\">Mesadas de granito entero o de recorte, monol\u00edtico y acero inoxidable.<\/span>\n\t\t\t\t\t\t\t\t\t<\/li>\n\t\t\t\t\t\t\t\t<li class=\"elementor-icon-list-item\">\n\t\t\t\t\t\t\t\t\t\t\t<span class=\"elementor-icon-list-icon\">\n\t\t\t\t\t\t\t<svg aria-hidden=\"true\" class=\"e-font-icon-svg e-fas-check\" viewBox=\"0 0 512 512\" xmlns=\"http:\/\/www.w3.org\/2000\/svg\"><path d=\"M173.898 439.404l-166.4-166.4c-9.997-9.997-9.997-26.206 0-36.204l36.203-36.204c9.997-9.998 26.207-9.998 36.204 0L192 312.69 432.095 72.596c9.997-9.997 26.207-9.997 36.204 0l36.203 36.204c9.997 9.997 9.997 26.206 0 36.204l-294.4 294.401c-9.998 9.997-26.207 9.997-36.204-.001z\"><\/path><\/svg>\t\t\t\t\t\t<\/span>\n\t\t\t\t\t\t\t\t\t\t<span class=\"elementor-icon-list-text\">Tapicer\u00eda en general. <\/span>\n\t\t\t\t\t\t\t\t\t<\/li>\n\t\t\t\t\t\t\t\t<li class=\"elementor-icon-list-item\">\n\t\t\t\t\t\t\t\t\t\t\t<span class=\"elementor-icon-list-icon\">\n\t\t\t\t\t\t\t<svg aria-hidden=\"true\" class=\"e-font-icon-svg e-fas-check\" viewBox=\"0 0 512 512\" xmlns=\"http:\/\/www.w3.org\/2000\/svg\"><path d=\"M173.898 439.404l-166.4-166.4c-9.997-9.997-9.997-26.206 0-36.204l36.203-36.204c9.997-9.998 26.207-9.998 36.204 0L192 312.69 432.095 72.596c9.997-9.997 26.207-9.997 36.204 0l36.203 36.204c9.997 9.997 9.997 26.206 0 36.204l-294.4 294.401c-9.998 9.997-26.207 9.997-36.204-.001z\"><\/path><\/svg>\t\t\t\t\t\t<\/span>\n\t\t\t\t\t\t\t\t\t\t<span class=\"elementor-icon-list-text\">Muebles importados.<\/span>\n\t\t\t\t\t\t\t\t\t<\/li>\n\t\t\t\t\t\t\t\t<li class=\"elementor-icon-list-item\">\n\t\t\t\t\t\t\t\t\t\t\t<span class=\"elementor-icon-list-icon\">\n\t\t\t\t\t\t\t<svg aria-hidden=\"true\" class=\"e-font-icon-svg e-fas-check\" viewBox=\"0 0 512 512\" xmlns=\"http:\/\/www.w3.org\/2000\/svg\"><path d=\"M173.898 439.404l-166.4-166.4c-9.997-9.997-9.997-26.206 0-36.204l36.203-36.204c9.997-9.998 26.207-9.998 36.204 0L192 312.69 432.095 72.596c9.997-9.997 26.207-9.997 36.204 0l36.203 36.204c9.997 9.997 9.997 26.206 0 36.204l-294.4 294.401c-9.998 9.997-26.207 9.997-36.204-.001z\"><\/path><\/svg>\t\t\t\t\t\t<\/span>\n\t\t\t\t\t\t\t\t\t\t<span class=\"elementor-icon-list-text\">Todos los muebles incluyen el armado (en Montevideo).<\/span>\n\t\t\t\t\t\t\t\t\t<\/li>\n\t\t\t\t\t\t\t\t<li class=\"elementor-icon-list-item\">\n\t\t\t\t\t\t\t\t\t\t\t<span class=\"elementor-icon-list-icon\">\n\t\t\t\t\t\t\t<svg aria-hidden=\"true\" class=\"e-font-icon-svg e-fas-check\" viewBox=\"0 0 512 512\" xmlns=\"http:\/\/www.w3.org\/2000\/svg\"><path d=\"M173.898 439.404l-166.4-166.4c-9.997-9.997-9.997-26.206 0-36.204l36.203-36.204c9.997-9.998 26.207-9.998 36.204 0L192 312.69 432.095 72.596c9.997-9.997 26.207-9.997 36.204 0l36.203 36.204c9.997 9.997 9.997 26.206 0 36.204l-294.4 294.401c-9.998 9.997-26.207 9.997-36.204-.001z\"><\/path><\/svg>\t\t\t\t\t\t<\/span>\n\t\t\t\t\t\t\t\t\t\t<span class=\"elementor-icon-list-text\">Realizamos presupuestos.<\/span>\n\t\t\t\t\t\t\t\t\t<\/li>\n\t\t\t\t\t\t\t\t<li class=\"elementor-icon-list-item\">\n\t\t\t\t\t\t\t\t\t\t\t<span class=\"elementor-icon-list-icon\">\n\t\t\t\t\t\t\t<svg aria-hidden=\"true\" class=\"e-font-icon-svg e-fas-check\" viewBox=\"0 0 512 512\" xmlns=\"http:\/\/www.w3.org\/2000\/svg\"><path d=\"M173.898 439.404l-166.4-166.4c-9.997-9.997-9.997-26.206 0-36.204l36.203-36.204c9.997-9.998 26.207-9.998 36.204 0L192 312.69 432.095 72.596c9.997-9.997 26.207-9.997 36.204 0l36.203 36.204c9.997 9.997 9.997 26.206 0 36.204l-294.4 294.401c-9.998 9.997-26.207 9.997-36.204-.001z\"><\/path><\/svg>\t\t\t\t\t\t<\/span>\n\t\t\t\t\t\t\t\t\t\t<span class=\"elementor-icon-list-text\">Vendemos al por mayor.<\/span>\n\t\t\t\t\t\t\t\t\t<\/li>\n\t\t\t\t\t\t<\/ul>\n\t\t\t\t\t\t<\/div>\n\t\t\t\t\t<\/div>\r\n\t\t\t\t<\/div>\r\n\t\t\t\t\t<\/div>\r\n\t\t\t\t<\/section>\r\n\t\t\t\t<\/div>\n\t\t","protected":false},"excerpt":{"rendered":"<p>Ria Equipamientos Somos una tradicional muebler\u00eda de Montevideo, con m\u00e1s de 40 a\u00f1os en el mercado. Tenemos un amplio reconocimiento de nuestros clientes por la calidad, dise\u00f1o y terminaci\u00f3n de nuestros art\u00edculos as\u00ed como por el servicio que brindamos. Disponemos de muebles para el hogar y la oficina, cl\u00e1sicos y modernos, colchones y sommiers de [&hellip;]<\/p>\n","protected":false},"author":1,"featured_media":0,"parent":0,"menu_order":0,"comment_status":"closed","ping_status":"closed","template":"","meta":{"footnotes":""},"class_list":["post-3208","page","type-page","status-publish","hentry"],"yoast_head":"<!-- This site is optimized with the Yoast SEO plugin v26.5 - https:\/\/yoast.com\/wordpress\/plugins\/seo\/ -->\n<title>RIA EQUIPAMIENTOS - Todo lo que usted necesita para su hogar!<\/title>\n<meta name=\"description\" content=\"Tenemos amplio reconocimiento de nuestros clientes por calidad, dise\u00f1o y terminaci\u00f3n de nuestros art\u00edculos y servicio ofrecido.\" \/>\n<meta name=\"robots\" content=\"index, follow, max-snippet:-1, max-image-preview:large, max-video-preview:-1\" \/>\n<link rel=\"canonical\" href=\"https:\/\/riaequipamientos.com.uy\/nueva\/quienes-somos\/\" \/>\n<meta property=\"og:locale\" content=\"es_ES\" \/>\n<meta property=\"og:type\" content=\"article\" \/>\n<meta property=\"og:title\" content=\"RIA EQUIPAMIENTOS - Todo lo que usted necesita para su hogar!\" \/>\n<meta property=\"og:description\" content=\"Tenemos amplio reconocimiento de nuestros clientes por calidad, dise\u00f1o y terminaci\u00f3n de nuestros art\u00edculos y servicio ofrecido.\" \/>\n<meta property=\"og:url\" content=\"https:\/\/riaequipamientos.com.uy\/nueva\/quienes-somos\/\" \/>\n<meta property=\"og:site_name\" content=\"Ria Equipamentos\" \/>\n<meta property=\"article:modified_time\" content=\"2023-12-20T21:08:27+00:00\" \/>\n<meta property=\"og:image\" content=\"https:\/\/riaequipamientos.com.uy\/nueva\/wp-content\/uploads\/2023\/12\/nosotros-1024x724.webp\" \/>\n<meta name=\"twitter:card\" content=\"summary_large_image\" \/>\n<meta name=\"twitter:label1\" content=\"Tiempo de lectura\" \/>\n\t<meta name=\"twitter:data1\" content=\"2 minutos\" \/>\n<script type=\"application\/ld+json\" class=\"yoast-schema-graph\">{\"@context\":\"https:\/\/schema.org\",\"@graph\":[{\"@type\":\"WebPage\",\"@id\":\"https:\/\/riaequipamientos.com.uy\/nueva\/quienes-somos\/\",\"url\":\"https:\/\/riaequipamientos.com.uy\/nueva\/quienes-somos\/\",\"name\":\"RIA EQUIPAMIENTOS - Todo lo que usted necesita para su hogar!\",\"isPartOf\":{\"@id\":\"https:\/\/riaequipamientos.com.uy\/nueva\/#website\"},\"primaryImageOfPage\":{\"@id\":\"https:\/\/riaequipamientos.com.uy\/nueva\/quienes-somos\/#primaryimage\"},\"image\":{\"@id\":\"https:\/\/riaequipamientos.com.uy\/nueva\/quienes-somos\/#primaryimage\"},\"thumbnailUrl\":\"https:\/\/riaequipamientos.com.uy\/nueva\/wp-content\/uploads\/2023\/12\/nosotros-1024x724.webp\",\"datePublished\":\"2021-11-09T00:20:30+00:00\",\"dateModified\":\"2023-12-20T21:08:27+00:00\",\"description\":\"Tenemos amplio reconocimiento de nuestros clientes por calidad, dise\u00f1o y terminaci\u00f3n de nuestros art\u00edculos y servicio ofrecido.\",\"breadcrumb\":{\"@id\":\"https:\/\/riaequipamientos.com.uy\/nueva\/quienes-somos\/#breadcrumb\"},\"inLanguage\":\"es\",\"potentialAction\":[{\"@type\":\"ReadAction\",\"target\":[\"https:\/\/riaequipamientos.com.uy\/nueva\/quienes-somos\/\"]}]},{\"@type\":\"ImageObject\",\"inLanguage\":\"es\",\"@id\":\"https:\/\/riaequipamientos.com.uy\/nueva\/quienes-somos\/#primaryimage\",\"url\":\"https:\/\/riaequipamientos.com.uy\/nueva\/wp-content\/uploads\/2023\/12\/nosotros.webp\",\"contentUrl\":\"https:\/\/riaequipamientos.com.uy\/nueva\/wp-content\/uploads\/2023\/12\/nosotros.webp\",\"width\":1600,\"height\":1132},{\"@type\":\"BreadcrumbList\",\"@id\":\"https:\/\/riaequipamientos.com.uy\/nueva\/quienes-somos\/#breadcrumb\",\"itemListElement\":[{\"@type\":\"ListItem\",\"position\":1,\"name\":\"Portada\",\"item\":\"https:\/\/riaequipamientos.com.uy\/nueva\/\"},{\"@type\":\"ListItem\",\"position\":2,\"name\":\"Quienes somos\"}]},{\"@type\":\"WebSite\",\"@id\":\"https:\/\/riaequipamientos.com.uy\/nueva\/#website\",\"url\":\"https:\/\/riaequipamientos.com.uy\/nueva\/\",\"name\":\"RIA EQUIPAMIENTOS\",\"description\":\"Muebler\u00eda tradicional de Montevideo\",\"potentialAction\":[{\"@type\":\"SearchAction\",\"target\":{\"@type\":\"EntryPoint\",\"urlTemplate\":\"https:\/\/riaequipamientos.com.uy\/nueva\/?s={search_term_string}\"},\"query-input\":{\"@type\":\"PropertyValueSpecification\",\"valueRequired\":true,\"valueName\":\"search_term_string\"}}],\"inLanguage\":\"es\"}]}<\/script>\n<!-- \/ Yoast SEO plugin. -->","yoast_head_json":{"title":"RIA EQUIPAMIENTOS - Todo lo que usted necesita para su hogar!","description":"Tenemos amplio reconocimiento de nuestros clientes por calidad, dise\u00f1o y terminaci\u00f3n de nuestros art\u00edculos y servicio ofrecido.","robots":{"index":"index","follow":"follow","max-snippet":"max-snippet:-1","max-image-preview":"max-image-preview:large","max-video-preview":"max-video-preview:-1"},"canonical":"https:\/\/riaequipamientos.com.uy\/nueva\/quienes-somos\/","og_locale":"es_ES","og_type":"article","og_title":"RIA EQUIPAMIENTOS - Todo lo que usted necesita para su hogar!","og_description":"Tenemos amplio reconocimiento de nuestros clientes por calidad, dise\u00f1o y terminaci\u00f3n de nuestros art\u00edculos y servicio ofrecido.","og_url":"https:\/\/riaequipamientos.com.uy\/nueva\/quienes-somos\/","og_site_name":"Ria Equipamentos","article_modified_time":"2023-12-20T21:08:27+00:00","og_image":[{"url":"https:\/\/riaequipamientos.com.uy\/nueva\/wp-content\/uploads\/2023\/12\/nosotros-1024x724.webp","type":"","width":"","height":""}],"twitter_card":"summary_large_image","twitter_misc":{"Tiempo de lectura":"2 minutos"},"schema":{"@context":"https:\/\/schema.org","@graph":[{"@type":"WebPage","@id":"https:\/\/riaequipamientos.com.uy\/nueva\/quienes-somos\/","url":"https:\/\/riaequipamientos.com.uy\/nueva\/quienes-somos\/","name":"RIA EQUIPAMIENTOS - Todo lo que usted necesita para su hogar!","isPartOf":{"@id":"https:\/\/riaequipamientos.com.uy\/nueva\/#website"},"primaryImageOfPage":{"@id":"https:\/\/riaequipamientos.com.uy\/nueva\/quienes-somos\/#primaryimage"},"image":{"@id":"https:\/\/riaequipamientos.com.uy\/nueva\/quienes-somos\/#primaryimage"},"thumbnailUrl":"https:\/\/riaequipamientos.com.uy\/nueva\/wp-content\/uploads\/2023\/12\/nosotros-1024x724.webp","datePublished":"2021-11-09T00:20:30+00:00","dateModified":"2023-12-20T21:08:27+00:00","description":"Tenemos amplio reconocimiento de nuestros clientes por calidad, dise\u00f1o y terminaci\u00f3n de nuestros art\u00edculos y servicio ofrecido.","breadcrumb":{"@id":"https:\/\/riaequipamientos.com.uy\/nueva\/quienes-somos\/#breadcrumb"},"inLanguage":"es","potentialAction":[{"@type":"ReadAction","target":["https:\/\/riaequipamientos.com.uy\/nueva\/quienes-somos\/"]}]},{"@type":"ImageObject","inLanguage":"es","@id":"https:\/\/riaequipamientos.com.uy\/nueva\/quienes-somos\/#primaryimage","url":"https:\/\/riaequipamientos.com.uy\/nueva\/wp-content\/uploads\/2023\/12\/nosotros.webp","contentUrl":"https:\/\/riaequipamientos.com.uy\/nueva\/wp-content\/uploads\/2023\/12\/nosotros.webp","width":1600,"height":1132},{"@type":"BreadcrumbList","@id":"https:\/\/riaequipamientos.com.uy\/nueva\/quienes-somos\/#breadcrumb","itemListElement":[{"@type":"ListItem","position":1,"name":"Portada","item":"https:\/\/riaequipamientos.com.uy\/nueva\/"},{"@type":"ListItem","position":2,"name":"Quienes somos"}]},{"@type":"WebSite","@id":"https:\/\/riaequipamientos.com.uy\/nueva\/#website","url":"https:\/\/riaequipamientos.com.uy\/nueva\/","name":"RIA EQUIPAMIENTOS","description":"Muebler\u00eda tradicional de Montevideo","potentialAction":[{"@type":"SearchAction","target":{"@type":"EntryPoint","urlTemplate":"https:\/\/riaequipamientos.com.uy\/nueva\/?s={search_term_string}"},"query-input":{"@type":"PropertyValueSpecification","valueRequired":true,"valueName":"search_term_string"}}],"inLanguage":"es"}]}},"_links":{"self":[{"href":"https:\/\/riaequipamientos.com.uy\/nueva\/wp-json\/wp\/v2\/pages\/3208","targetHints":{"allow":["GET"]}}],"collection":[{"href":"https:\/\/riaequipamientos.com.uy\/nueva\/wp-json\/wp\/v2\/pages"}],"about":[{"href":"https:\/\/riaequipamientos.com.uy\/nueva\/wp-json\/wp\/v2\/types\/page"}],"author":[{"embeddable":true,"href":"https:\/\/riaequipamientos.com.uy\/nueva\/wp-json\/wp\/v2\/users\/1"}],"replies":[{"embeddable":true,"href":"https:\/\/riaequipamientos.com.uy\/nueva\/wp-json\/wp\/v2\/comments?post=3208"}],"version-history":[{"count":127,"href":"https:\/\/riaequipamientos.com.uy\/nueva\/wp-json\/wp\/v2\/pages\/3208\/revisions"}],"predecessor-version":[{"id":5573,"href":"https:\/\/riaequipamientos.com.uy\/nueva\/wp-json\/wp\/v2\/pages\/3208\/revisions\/5573"}],"wp:attachment":[{"href":"https:\/\/riaequipamientos.com.uy\/nueva\/wp-json\/wp\/v2\/media?parent=3208"}],"curies":[{"name":"wp","href":"https:\/\/api.w.org\/{rel}","templated":true}]}}